11101
In base 14, what is -6b + 129278?
12920b
In base 8, what is 4604 - -7377?
14203
In base 4, what is -110212 - -220201320?
220031102
In base 16, what is 1ee5d485 + -4?
1ee5d481
In base 5, what is 33 - 14231321?
-14231233
In base 12, what is 43a68a + 1?
43a68b
In base 5, what is -142041 - 1220104?
-1412200
In base 11, what is 14 + -a957601?
-a957598
In base 11, what is 10673705 - 7?
106736a9
In base 13, what is -181 + 21a?
69
In base 9, what is 185614257 - -3?
185614261
In base 7, what is -1 + 54450361?
54450360
In base 11, what is 559751 - -202?
559953
In base 14, what is -260c181 - 9?
-260c18a
In base 5, what is 1 - 3022330102?
-3022330101
In base 3, what is 102021 - 1011010222120?
-1011010120022
In base 5, what is -22032220 - 113?
-22032333
In base 15, what is 1 + -2ad3ed?
-2ad3ec
In base 16, what is -b878ddc - 4?
-b878de0
In base 3, what is -10200 + -100000112200?
-100000200100
In base 12, what is -a5049 - 923?
-a5970
In base 12, what is -21 + -43257b?
-4325a0
In base 3, what is -10202121 - -120111?
-10012010
In base 2, what is 1011 - 111111011000010101100?
-111111011000010100001
In base 9, what is 3704728 - 12?
3704716
In base 6, what is -3555 + 223012?
215013
In base 7, what is 1054 - 456116?
-455032
In base 14, what is 38bc636 + -b?
38bc629
In base 6, what is -125001502450 + -5?
-125001502455
In base 11, what is a10364 + -42?
a10322
In base 10, what is 73999 - -133?
74132
In base 11, what is 2 - 1143aa9?
-1143aa7
In base 10, what is 11589752 - -19?
11589771
In base 15, what is -4 - -8b6767?
8b6763
In base 7, what is -1 + 1101345664?
1101345663
In base 11, what is -12645a35 - 5?
-12645a3a
In base 11, what is 2388aa9 - -1a?
2389018
In base 3, what is -210102001 + -12012111?
-222121112
In base 12, what is -51465b2 + 3?
-51465ab
In base 8, what is -116036 - 10262?
-126320
In base 3, what is -100212100 - -221010?
-22221020
In base 11, what is -1385442 - 10?
-1385452
In base 12, what is -2157 + 11198?
b041
In base 10, what is 301949 - -3533?
305482
In base 4, what is 3201232 + 1131200?
10333032
In base 13, what is -21349 + 10?
-21339
In base 2, what is -11010110000010010011 + 100?
-11010110000010001111
In base 13, what is 26b - -115?
383
In base 16, what is -f - 9e62e?
-9e63d
In base 4, what is 12200 + -331320?
-313120
In base 11, what is 4 + -12320450?
-12320447
In base 14, what is 3 - c7abc?
-c7ab9
In base 3, what is -1002001011 + 1220112002?
211110221
In base 2, what is -1001000000010001011011101 + 1?
-1001000000010001011011100
In base 8, what is -3 + -1416133?
-1416136
In base 10, what is -4814 - -322?
-4492
In base 9, what is -5230408 - -2?
-5230406
In base 16, what is -3fc + -15b7?
-19b3
In base 5, what is -3 + -421110022021?
-421110022024
In base 16, what is 6 + -54720?
-5471a
In base 8, what is -1 - -101653661?
101653660
In base 9, what is -2343 + -6400?
-8743
In base 15, what is -2 - -116ec62?
116ec60
In base 6, what is 102 - 1134514414?
-1134514312
In base 14, what is dca659c - -8?
dca65a6
In base 2, what is -101 + 101001010000001101011001?
101001010000001101010100
In base 12, what is 34373634 + -1?
34373633
In base 9, what is 4178408 + -154?
4178244
In base 16, what is 50ac243 + 4?
50ac247
In base 10, what is -2189685 - -11?
-2189674
In base 12, what is -1 + 3248b4?
3248b3
In base 13, what is 1 - 4180812?
-4180811
In base 9, what is -368 + -16528?
-17007
In base 7, what is -401646 - 1021?
-403000
In base 14, what is 5b6b - -2519?
8286
In base 12, what is -5 - -640273?
64026a
In base 6, what is 24 + 35155135?
35155203
In base 16, what is 1813 + -4b72?
-335f
In base 8, what is 747031 + -10?
747021
In base 8, what is 535 - -1562?
2317
In base 12, what is 1 + 157416b?
1574170
In base 11, what is -33aa - 55?
-3454
In base 2, what is -1100 - -1111000000110000000101?
1111000000101111111001
In base 8, what is 140154704 + 0?
140154704
In base 13, what is 2b + 153965?
153993
In base 12, what is -1239b677 - 1?
-1239b678
In base 16, what is 1e - 1f63?
-1f45
In base 7, what is -5 - 3444602036?
-3444602044
In base 6, what is 3305405 - 22?
3305343
In base 7, what is -221266215 + -22?
-221266240
In base 4, what is 1 + -103223222033010?
-103223222033003
In base 2, what is 100001101 - -1001010101000001?
1001011001001110
In base 15, what is 152950 - 3?
15294c
In base 12, what is 5693 - -3413?
8aa6
In base 6, what is -2 + -113402?
-113404
In base 16, what is 84149 + 1?
8414a
In base 6, what is 2 - 210324250?
-210324244
In base 11, what is 1193a + -2124?
a816
In base 11, what is 16a919 + 1965?
171783
In base 2, what is 100011101011100 - 100111101111?
11110101101101
In base 2, what is -10001101101001011000000 + -110000?
-10001101101001011110000
In base 11, what is 162 + 7450?
7602
In base 11, what is -15 + -7726a2a?
-7726a44
In base 9, what is 2870 + 362368?
365348
In base 12, what is -ba69 + -16a?
-10017
In base 8, what is -22170764 + -1?
-22170765
In base 12, what is 191 - -58372?
58543
In base 15, what is -422647c + 5?
-4226477
In base 14, what is 4d10 - 132?
4bbc
In base 14, what is -26 + 137aa5?
137a7d
In base 7, what is 1016 - 255535?
-254516
In base 9, what is 226228122 + -5?
226228116
In base 11, what is 106a + 20424?
21493
In base 15, what is 0 - -34bed?
34bed
In base 5, what is 113210104 + -141?
113204413
In base 2, what is -11110110 - -10100111011000?
10100011100010
In base 5, what is 21222 - 44423131?
-44401404
In base 11, what is 7240753a + 5?
72407544
In base 8, what is -20 + 33235341?
33235321
In base 10, what is 517 - -1005131?
1005648
In base 3, what is -211012020211 - 1201112?
-211020222100
In base 10, what is -272 - -2389?
2117
In base 6, what is -3023321 + 121?
-3023200
In base 4, what is -3130 + -12131302?
-12201032
In base 9, what is 28 - -441517?
441546
In base 14, what is 3 - -43153a?
43153d
In base 16, what is 1bcd01b + -3?
1bcd018
In base 12, what is -433204 + 8?
-4331b8
In base 9, what is -2 + 1738172?
1738170
In base 12, what is 15a5 - 27a?
1327
In base 2, what is 1001 + -10001111011000100?
-10001111010111011
In base 6, what is -2 + -5012545300?
-5012545302
In base 8, what is -505 + 230733?
230226
In base 12, what is a91a + 6b?
a989
In base 9, what is 315483 - -1102?
316585
In base 9, what is -46 + 103154?
103107
In base 16, what is -15a3c + 4de?
-1555e
In base 11, what is -18aa0 + 30a91?
12aa1
In base 7, what is 2 - -236501231?
236501233
In base 4, what is 122211 + -313330?
-131113
In base 2, what is -100001101101100010000001 - 10?
-100001101101100010000011
In base 9, what is 32 + 77700323?
77700355
In base 10, what is 865933 + 128?
866061
In base 11, what is 36aaa4550 - 0?
36aaa4550
In base 4, what is -211 + 221030121?
221023310
In base 11, what is 246653 - -1?
246654
In base 3, what is 22 - -2100102020002?
2100102020101
In base 6, what is 11 + -1242355542?
-1242355531
In base 2, what is 10001000 + 1001100011110100000?
1001100100000101000
In base 2, what is -110001100 + -100011101100100100?
-100011110010110000
In base 16, what is -2 + -110bb4?
-110bb6
In base 10, what is 684 - 419?
265
In base 4, what is 30330011330 - 201?
30330011123
In base 14, what is 5 + 10670705?
1067070a
In base 15, what is a - -188aba?
188ac5
In base 8, what is 3011 - -714076?
717107
In base 3, what is -21021 - 20022021202211?
-20022022001002
In base 16, what is 202 - -620c?
640e
In base 10, what is -32606 - -78?
-32528
In base 11, what is -339444a - -a?
-3394440
In base 15, what is -5 + -1204c79?
-1204c7e
In base 9, what is -3 - -268478658?
268478655
In base 16, what is -f1d + af8?
-425
In base 9, what is -1768627453 + -2?
-1768627455
In base 12, what is 2 - 123b807?
-123b805
In base 3, what is -200010220120020212 - -10?
-200010220120020202
In base 14, what is -4 - -165778c?
1657788
In base 6, what is -10435 + 3402124?
3351245
In base 15, what is 4c2077 - -2?
4c2079
In base 4, what is 3202320 + -21121001?
-11312021
In base 6, what is 134222052 + 111?
134222203
In base 11, what is -15757a + 4a?
-157530
In base 9, what is -1 - -2541555?
2541554
In base 4, what is 203 + -2203232200?
-2203231331
In base 6, what is 5 - -1511133041?
1511133050
In base 4, what is 221231 - 111011310?
-110130013
In base 2, what is 1111010 + -10111001110110001010111?
-10111001110101111011101
In base 3, what is 221120211 - 10022?
221110112
In base 6, what is -254042141